er?
True
Let w = 11 - 1. Is ((-172)/w)/((-11)/55) prime?
False
Let l(w) = -w**2 - 7*w - 7. Let p be l(-5). Let m be 27/(-6)*p*-2. Suppose m + 78 = 5*c. Is c a composite number?
True
Suppose -5*r + 30 = 5*p - 45, 0 = 4*r - 4. Let m = 5 + p. Is m a composite number?
False
Let p(r) = -2*r**2 - 2. Let h be p(2). Let w = h - -16. Is 2/w*(237 - 0) a prime number?
True
Suppose 5*t - 20 = -2*b, -b + 8 = b + 2*t. Suppose -2*f + b*f = -52. Suppose 2*x - 2 - f = 0. Is x composite?
True
Is (-6)/27 - (-6610)/18 composite?
False
Let a be 2/(-1*(-2 + 1)). Is (6/18)/(a/4506) a prime number?
True
Let u be (-6)/9*(-45)/6. Suppose u*d + 16 = -s, 3*d = -2*s - d - 14. Is -2 - -5 - (s - 127) composite?
False
Let f(i) = -2*i - 10. Let s be f(-7). Suppose 0 = s*k - 0*k - 412. Is k composite?
False
Suppose 4*t + 0*o + 3*o - 628 = 0, 5*o - 471 = -3*t. Is t composite?
False
Suppose -9*q + 11478 - 1047 = 0. Is q a prime number?
False
Suppose 2*c + 14 = -2*o, 2*o - 5 = -c + 4*o. Is (82/8 - c)*4 a composite number?
False
Suppose 0 = m + 4*d - 685, 8*m - 3*m = 3*d + 3402. Suppose -2*z = 3*z - f + 2, -5*z = -2*f + 4. Suppose 5*h + 226 - m = z. Is h a composite number?
True
Let y(r) = -4*r**3 - 7*r**2 - 17*r + 23. Is y(-8) a prime number?
True
Suppose 5*v - 3519 = 2546. Is v a composite number?
False
Suppose 6*r - 1589 = 1105. Is r composite?
False
Let o be 3*1 - (-540)/10. Suppose -214 = -q - o. Is q composite?
False
Let x = 4 + -6. Let n be (5 - -1)/((-3)/x). Suppose 2*k - 3*l + n*l - 75 = 0, 0 = -2*l + 2. Is k composite?
False
Suppose -4*w + 4*u = -0*u + 244, -5*w - 3*u - 289 = 0. Let z(r) = 29*r**3 - 2*r**2 - 2*r. Let k be z(2). Let f = w + k. Is f a prime number?
False
Let w = -18 + 89. Is w a prime number?
True
Let y(r) = 92 + r**2 + 22 - 9. Let v be y(0). Suppose 2*d - 335 + v = 0. Is d a composite number?
True
Suppose -4*b = -0*b. Suppose b = -4*h - 0*h + x + 183, 42 = h - x. Is h a prime number?
True
Suppose -5*u + 22 = 12. Suppose -10 = -5*w - k + u, 4*w - 2*k = 4. Suppose 0 = -g + 4*p + 223, p = -w*g + 145 + 256. Is g prime?
False
Suppose 5*t + 108 = 2*d - 0*d, -3*t = 4*d - 242. Is d a composite number?
False
Suppose -1485 + 344 = -7*w. Let j(a) = -16*a + 1. Let t be j(-1). Suppose -5*p + w = -3*h - t, -h = 3*p - 94. Is p prime?
False
Let z be 1142/5 + 4/(-10). Let p = z - 145. Is p prime?
True
Let f be ((-2)/3)/((-2)/30). Let x(a) = -a**3 + 12*a**2 - 9*a + 13. Is x(f) prime?
False
Suppose 4*y + 87 = -3*h + 4*h, 0 = -3*h + 5*y + 296. Let l = 73 - h. Is (l/3)/(2/(-9)) a composite number?
True
Let y(w) = 3*w**2 + 3*w - 7. Suppose t - 12 = -0*t + 4*a, -2*t + 4*a = -4. Is y(t) a composite number?
True
Suppose -30*m = -26*m - 388. Is m a prime number?
True
Let o(p) = p**3 + 6*p**2 - 6*p + 9. Let h be o(-7). Let i = h - -16. Is i/3*(-2)/(-2) a prime number?
False
Is -4*((-3868)/16 - 0) a composite number?
False
Suppose 4*j - 18 = -5*i, 5*j + 0*i - 4*i = 2. Let p(s) be the second derivative of s**3/2 - 3*s**2/2 - 4*s. Is p(j) a prime number?
True
Let l(u) = 5 + 57*u + 30*u - 16 + 31*u. Let h(r) = -39*r + 4. Let x(q) = -8*h(q) - 3*l(q). Is x(-2) a prime number?
False
Suppose 5*c = -5*g + 430, g = -0*g + c + 80. Is g a composite number?
False
Let p be (-1)/(-2)*0*1. Suppose -3*l = -3*r + 225, r + 3*r + 2*l - 324 = p. Is r a composite number?
False
Let x = -1797 - -681. Let r = -563 - x. Is r a prime number?
False
Suppose 0 = -3*f - 2*j + 5, 2*f - 8 = j - 0. Suppose f*g - 1 = -166. Is 6/9 - g/3 a prime number?
True
Let p be 4/1 + (-1 - -1). Is ((-254)/(-8))/(1/p) a prime number?
True
Let t be (-198)/3*1/(-2). Suppose -4*a + t = 525. Let r = 190 + a. Is r prime?
True
Let x be (1866/(-8))/(6/(-72)). Let v = -1540 + x. Is v composite?
False
Suppose 4*b - 715 = -5*h, 0*h + 4*b + 675 = 5*h. Is h prime?
True
Let a be -1 + (0 - 0) - -2. Is (-2 + a)/(5/(-20)) composite?
True
Let d(s) = -121*s - 37. Is d(-14) a composite number?
False
Suppose 2*f = 6*f + 20. Let b(a) = -a**3 - 6*a**2 - 3*a + 7. Let y be b(f). Is (-1262)/(-8) + y/(-12) a prime number?
False
Let r(q) = -2 + 6*q - 2*q - 2*q**2 + 3 - q**3. Let y be r(-3). Is y*((-11)/2 - 0) composite?
False
Suppose 0 = 6*g - g. Let r(m) = m**3 + m**2 - m + 13. Let o be r(g). Let c = o - -36. Is c a prime number?
False
Suppose -l - 28 = -4*x + l, 4 = 2*x + 4*l. Let r be (-1)/(13/x - 2). Is (r - (0 - 0))/(-1) composite?
True
Suppose 5*b - 22 - 18 = 0. Is ((-2)/3)/(b/(-444)) a composite number?
False
Let l = 1 - 2. Let s(b) be the second derivative of -2*b**5/5 + b**4/6 - b**2/2 - b. Is s(l) prime?
False
Let q be 2 - -1*(104 + -3). Let i = q - 45. Is i a composite number?
True
Let d = 1 + 3. Suppose 4*n - d = -32. Let o = n - -58. Is o a composite number?
True
Suppose 0 = 2*a + h + 43, 3*h + 15 = -2*a - 18. Suppose -23 = -3*w + 2*f, 3*w + 0*w = -3*f + 18. Let r = w - a. Is r composite?
False
Suppose -2*i = -2*g - 3 - 11, -2*g + 22 = 4*i. Is (-3 + 77)*3/i a prime number?
True
Suppose 0*c - 4*c + f = -2803, -3504 = -5*c + f. Is c a composite number?
False
Let y(p) = -27*p - 1. Is y(-6) a prime number?
False
Is -158*(15/(-6) + 2) prime?
True
Let s be ((-4)/(-1))/(-1 - -3). Suppose -4*q + 32 = -3*q. Suppose q = 2*v - s*r - 24, 2*r = 10. Is v a prime number?
False
Suppose 2263 = 6*b - b + 4*s, -4*s + 8 = 0. Is b a prime number?
False
Let w = -9 + 32. Is w composite?
False
Let h = 24 + 1. Let n be (-2)/(-10) + (-5)/h. Suppose u + 4*u - 55 = n. Is u a prime number?
True
Suppose 0 = 5*x - c - 1677, -5*c = 2*x - c - 662. Is x a prime number?
False
Suppose -69 = -u + 4*v + 32, 131 = u + 2*v. Is u composite?
True
Suppose -4*f + 5*p + 424 = 0, 3*f + 2*p - p - 337 = 0. Is f composite?
True
Suppose -l + 3*z = 5*z + 91, 2*z - 79 = l. Let n = -60 - l. Is n a composite number?
True
Suppose 0 = s - 5*y - 139, 4*s = s - 5*y + 317. Let j = 47 + s. Is j a prime number?
False
Let x(z) = 2*z**3 - 11*z**2 - 5*z. Let f(c) = -5*c**3 + 32*c**2 + 15*c. Let t(j) = 3*f(j) + 8*x(j). Is t(-7) prime?
False
Suppose 0 = -3*q + 12 - 6. Suppose 5*m - 170 = -q*j, -3*j + 114 = 5*m - 141. Is j composite?
True
Suppose a = y + 2 - 5, 3*a + 6 = 2*y. Suppose a = 2*n + 3*n - 25, 2*z - 955 = 3*n. Is z a composite number?
True
Suppose 5*x = 4*t + 4*x - 309, 78 = t - x. Suppose a + 3*a - 504 = 0. Let n = a - t. Is n prime?
False
Let p(v) = -v**3 - v**2 + v - 41. Let j be p(0). Let k = 108 + j. Is k a prime number?
True
Suppose -4*v = -3*v + 41. Let r(c) = 66*c**3 + c + 1. Let k be r(-1). Let x = v - k. Is x prime?
False
Is 2/5 - 18452/(-20) prime?
False
Suppose 6*p = p. Suppose p = 2*x - b - 2*b - 335, 5*b + 15 = 0. Is x composite?
False
Let i = -25 + 25. Suppose i = -3*o + 1236 - 483. Is o prime?
True
Let b(w) = 64*w + 1. Let y(j) = -191*j - 2. Let q(x) = 8*b(x) + 3*y(x). Is q(-3) prime?
False
Let a be (-4)/(-2)*(-3)/(-2). Suppose 0 = a*p + 6*x - x - 48, 18 = p + x. Is p prime?
False
Let c be 1 + 3/(-1) - 1. Let w(u) = 3*u**2 + 2*u + 2. Is w(c) a composite number?
False
Let p(m) be the first derivative of 19*m**2/2 - 4*m + 1. Let l = 3 + 0. Is p(l) prime?
True
Let z(o) be the second derivative of -3*o**5/20 - 5*o**4/12 + 5*o**2/2 + 3*o. Let p be z(-5). Is (8/(-24))/((-1)/p) a prime number?
False
Let a(k) = -84*k**2 + 2*k**3 + k + 76*k**2 - 4*k**3 + 8. Is a(-7) composite?
True
Let j(y) = -40*y**2 + 2*y + 15*y**2 - 5 + 18*y**2 - 2*y**3. Is j(-6) a prime number?
True
Let t(v) = -314*v - 19. Is t(-7) a composite number?
False
Suppose 0 = 3*x + 2*x - d - 560, 4*x + 2*d - 462 = 0. Is x a prime number?
True
Let h(x) be the second derivative of -1/12*x**4 + 3*x + 3/2*x**3 - 2*x**2 + 0. Is h(7) composite?
True
Let t be 0/(-1) - (-56)/(-1). Let r be (-4)/(-10) - 856/40. Let p = r - t. Is p a prime number?
False
Let p(g) = -g**2 - 5*g + 8. Let w be p(-6). Suppose -w*b + 4*b - 986 = 0. Is b prime?
False
Let q(z) = 9*z**2 + 4*z + 3. Let t be q(-2). Suppose 3*j + 388 - t = 5*m, -4*m = 4*j - 260. Is m prime?
False
Let j = 1308 + 655. Is j a composite number?
True
Let p = 1288 - 593. Suppose -p = u + 4*u. Let z = 216 + u. Is z composite?
True
Let z = 0 + 2. Suppose z*p - 6*p + 40 = 0. Is p a prime number?
False
Suppose -z - 8*c + 3219 = -10*c, 0 = 3*c + 3. Is z a prime number?
True
Is (3/(-2) - -1)*4 + 117 prime?
False
Suppose 5*k + 17 - 2 = -3*h, 0 = 5*h. Let p(o) = -10*o + 1. Is p(k) a prime num